g**3 + 3 - 5*g. Let p be c(z). Determine v(p).
1
Let y(j) = 5*j**2 - 46*j + 24. Let x(b) = 14*b**2 - 131*b + 70. Let q(c) = -6*x(c) + 17*y(c). Calculate q(-5).
-7
Let h be ((-2)/(-1)*1)/((-4)/(-6)). Let c(f) = -2 + f**2 + h - 4. Determine c(3).
6
Let a(s) be the first derivative of s**4/12 - s**3/3 + 3*s**2 + 3. Let w(y) be the second derivative of a(y). Let l be 10/(-4)*(-114)/(-95). Determine w(l).
-8
Let a(x) = x**2 + 6*x - 4. Let z be (-24)/2*(-63)/6. Suppose z = 4*w - 78. Let r be (w/17)/(6/(-14)). What is a(r)?
3
Let q(p) = -p**3 - 7*p**2 - 6*p - 4. Let l be q(-6). Let o be (3*l)/3 + 0. Let v(w) = 28 - 51 + 29 + w. What is v(o)?
2
Let p(n) = n**3 + 7*n**2. Let a(s) = -7*s**2 - 2*s - 2*s**2 - 31 + 10*s**2. Let b be a(6). Calculate p(b).
0
Let l = -219 - -236. Let b(d) = -d + 15. Give b(l).
-2
Let j(k) be the first derivative of 7*k**2/2 - k + 78. Give j(1).
6
Let j(k) = -k**2 + 26*k - 10. Let u(s) = s**2 - 30*s + 11. Let g(h) = 6*j(h) + 5*u(h). Give g(4).
3
Let f = 85 + -72. Suppose f*a = 7*a. Let r(m) = m**3 - m**2 - 4. What is r(a)?
-4
Let d be 58/87 - 4/6. Let j(z) = z**3 + 7*z - 2. Determine j(d).
-2
Let a(b) = b - 12. Let z(n) = 2 - 3*n**2 + 17*n - 15*n + 6 + 2*n**2. Let x be z(4). What is a(x)?
-12
Let p = 19 + -24. Let y(b) = b**2 + 3*b - 13. Let m be y(p). Let w(x) be the second derivative of x**4/12 + x**3/3 + 3*x**2/2 - 2*x. Give w(m).
6
Let r(q) = q - 6. Suppose 2*k = 10, -2*k = -2*a - a + 134. Suppose -a = -5*h - h. Give r(h).
2
Let o(g) be the second derivative of g**4/12 - g**3/6 + 7*g**2 - 2*g + 38. What is o(0)?
14
Suppose 3*i = -i - 16. Let t(u) be the second derivative of u**4/12 + 2*u**3/3 + 3*u**2 + 109*u. Give t(i).
6
Suppose 7 = -2*a + 3*b, -19*a + 18*a - 11 = -4*b. Let u(o) = -10*o**3 + 3*o**2 - 2. Calculate u(a).
-9
Let m(c) = 3*c**2 + 10*c - 2. Let x(w) = -w**2 - 5*w + 1. Let b = -18 + 16. Let q(h) = b*m(h) - 5*x(h). Let y(f) = f**3 + 5. Let r be y(0). What is q(r)?
-1
Let y(g) = 3*g - 54 - 6*g + 59. Calculate y(-5).
20
Let y(p) = p**3 + 2*p**2 - 2*p. Suppose 2*b - 11 = -5*j, 1 - 15 = -5*j - 3*b. Suppose -v - j = -3. Determine y(v).
12
Let l(r) = r**3 + 4*r**2 + 5*r + 4. Let b = -51 + 59. Let q be -2*(20/b + -1). Determine l(q).
-2
Let l(b) = 49*b**3 + 1 - 14*b**3 - 15*b**3 - 2*b**2 - 3*b**2 - 19*b**3. Give l(5).
1
Let t(k) = -14*k**3 + 11*k**2 + 6*k - 2. Let j(p) = -5*p**3 + 4*p**2 + 2*p - 1. Let l(q) = 11*j(q) - 4*t(q). What is l(-2)?
-7
Let b(k) be the second derivative of k**4/12 - k**3 + 3*k**2 - 28*k - 2. Let l be 1*5 + (1 - -1). What is b(l)?
13
Let z(s) = -s**3 + s**2 + s + 1. Let n(q) = q**2 - 5*q + 2. Let b be 5 - 3/(-9)*0. Let x be n(b). Let t be (x - 0)*(-3)/(-3). Determine z(t).
-1
Let h(t) be the third derivative of 0*t + 15*t**2 + 0 + 1/10*t**5 - 1/4*t**4 + 1/120*t**6 + 0*t**3. Give h(-7).
-7
Let j(q) = -6*q**2 - 14*q - 7. Let c(t) = 7*t**2 + 15*t + 8. Let h(p) = -4*c(p) - 5*j(p). Determine h(-4).
-5
Let g(o) = 77*o**2 + o - 11. Let j(s) = 64*s**2 - 10. Let f(y) = -5*g(y) + 6*j(y). Suppose -2*n - 4 = l, -n + 3*l - 4 - 12 = 0. Calculate f(n).
-1
Let q(u) be the second derivative of -5*u**3/6 + 5*u**2/2 + 19*u. Give q(-2).
15
Let f = -1087 + 1088. Let h(m) = 3*m**2 + 2*m - 1. What is h(f)?
4
Let c(o) = -o - 8. Let x(d) = -4*d - 17. Let v be x(-5). Suppose -4*w - v*w - 42 = 0. Calculate c(w).
-2
Let s = -264 - -264. Let f(g) = -g**2 + g + 11. Calculate f(s).
11
Let i(k) = k**3 + 6*k**2 - k - 8. Let z = -111 + 107. Let q be (z/(-3))/((-42)/189). Calculate i(q).
-2
Let s(g) = g**3 - 5*g**2 + 4*g - 1. Let k be s(4). Let l(r) be the second derivative of r**3/3 - r**2/2 - 16*r - 26. Determine l(k).
-3
Let a(o) = 3*o + 18. Let f = -1957 + 1952. What is a(f)?
3
Let v be -5*(-1)/(-12)*2/(-5). Let k(w) be the second derivative of -1/20*w**5 + 0 + w**2 - 11*w - v*w**3 - 1/3*w**4. What is k(-4)?
6
Let q(w) = -7*w**2 + 3*w. Suppose -2*r + 195*h - 6 = 200*h, 5*r - 4*h = 18. Calculate q(r).
-22
Let w(s) = -s**3 + 10*s**2 - 4 - 10*s + 3 - 19*s**2 - 5. Let v = 61 - 69. What is w(v)?
10
Let t(z) = -4*z**2 - 1. Let c(g) = 17*g - 424. Let r be c(25). What is t(r)?
-5
Let n = -6 + 1. Let k(x) be the second derivative of -x**3/6 + x**2/2 + x - 9. Give k(n).
6
Let f(a) = -a + 5. Let l = -1506 - -1499. What is f(l)?
12
Let u = 58 + -63. Let o(h) be the second derivative of h**4/12 + 7*h**3/6 + 5*h. What is o(u)?
-10
Let y = -6 - -11. Let s(p) be the second derivative of p**3/6 - 2*p**2 + 6*p - 72. Give s(y).
1
Let n(z) = 37*z**3 + 21*z + 2. Let y(q) = -17*q**3 - 10*q - 1. Let h(k) = 6*n(k) + 13*y(k). Calculate h(3).
14
Let r(d) = -2*d + 2. Suppose -5*b + 21 = -2*b + 3*h, 20 = 3*b + 2*h. Suppose 15 = -9*n + b*n. Calculate r(n).
12
Let t be (-18)/(-1)*(-21)/504*8. Let b(n) = -4*n - 6. Give b(t).
18
Let u(p) = p**2 - 3*p - 1. Suppose -4*t - 28 = -4*m, 3*m + 2*m - 4*t = 34. Let c = 0 + m. Suppose 3*d + c = -0*d + 4*f, f = 3. Calculate u(d).
-3
Let q(b) = -2*b**2 - 3*b + 6. Let h(f) be the second derivative of f**4/12 - f**3/6 - f**2/2 - 13*f. Let c(j) = -3*h(j) - q(j). Determine c(4).
5
Let j(l) = -9*l - 5*l + 7 + 10*l. Calculate j(3).
-5
Let g = -35 + 46. Suppose -3*m + 3 = -3*n, 4 - g = -m - 5*n. Let o(b) = b**3 - 2*b**2 - 2*b + 2. Give o(m).
-2
Suppose 3*d + 4*j = 15, -5*j + 7 + 4 = -4*d. Let q = 3 + d. Let p(f) be the second derivative of -f**5/20 + 5*f**4/12 - 7*f**3/6 + 3*f**2 + 2*f - 1. Give p(q).
-6
Let g be 7 + 2 + -2 + -1 + -6. Let y(v) = -2*v**2 - v - 15. Calculate y(g).
-15
Let b(a) = -a**2 + a - 14. Let q be b(0). Let j = q - -14. Let c(r) = r + 7. Determine c(j).
7
Let x(p) = -29*p - 6. Let v(l) = -23*l - 6. Let u(m) = 5*v(m) - 4*x(m). Calculate u(7).
1
Suppose u + 8 = -2. Let y be (10/(-25))/(2/u). Let r(k) = 29*k**2 - 58*k**2 + 30*k**y + 3*k - k + 1. Determine r(-1).
0
Let g = -14 + 22. Let i(k) = 14*k - 23. Let w(h) = -9*h + 15. Let r(q) = g*w(q) + 5*i(q). Calculate r(7).
-9
Let l(h) be the first derivative of -h**4/12 + h**3/6 + 15*h**2 + 34. Let n(g) be the second derivative of l(g). Give n(3).
-5
Let q(i) = -3*i - 2. Suppose -4*f + 6 - 22 = 4*c, -4*c + f - 21 = 0. What is q(c)?
13
Let n = -116 + 116. Let o(m) = -m**3 + 2*m**2 - 3*m - 7. Give o(n).
-7
Let o(u) = -u**2 + u. Let i = 32 + -26. Let t(d) = -5*d**2 + 7*d - 1. Let n(z) = i*o(z) - t(z). What is n(1)?
-1
Let m(x) = -5*x**2 + 10*x**2 - 9*x**2 + 4*x + 1 + x**3. Suppose 2*s = 4*s. Suppose -p + 2*y = -s*y + 1, 5*y = 2*p + 4. What is m(p)?
4
Let p(d) = 3*d**2 + 2*d. Let u(b) = 17*b**2 + 12*b. Let v(x) = 11*p(x) - 2*u(x). Give v(0).
0
Let m(f) = -f + 12. Let l(c) = -5*c + 49. Let u(b) = -2*l(b) + 9*m(b). Let s = -14 + 6. Give u(s).
2
Let b(x) = -x**3 + x**2 + x + 13. Suppose -52*u + 67*u = 0. What is b(u)?
13
Let g(k) be the third derivative of -k**6/120 + k**5/60 - k**4/24 - k**3/6 + 15*k**2. Let b(h) = -7*h**3 - 5*h - 7. Let x(w) = -b(w) + 6*g(w). Determine x(-6).
7
Let b(i) = 61*i + 10 + 66*i - 193*i + 70*i. Calculate b(-4).
-6
Let v(d) = -5*d + 12. Let p(w) = -12*w + 28. Let u(y) = -3*p(y) + 7*v(y). What is u(1)?
1
Suppose -4*s = -c - 5, 4*c + 2*s - 30 = 4. Let g(a) = 10*a - 62. Calculate g(c).
8
Suppose g + 2*a + 4 - 2 = 0, -2*g + 4*a = 4. Let q(m) = -m**3 - 3*m**2 + 1. What is q(g)?
-3
Let b(h) = h**2 + 8*h - 5. Let l be 3/(9/2) - (-350)/6. Suppose -4*d = -c + 37, -4*d - l = -3*c - 12. Calculate b(d).
-5
Let i(c) = 4*c**2 + 4*c - c**2 + 3 - c**3 + 0*c**3. Let s be 7 - (-2)/2 - 5. Let m be 0 - (-2 + 1 + s). Give i(m).
15
Let b(q) = -7*q**3 - 4*q**2 - 11*q - 2. Let x(n) = 4*n**3 + 2*n**2 + 6*n + 1. Let t(r) = -3*b(r) - 5*x(r). Give t(-2).
-5
Let t(r) = -r**2 + 7*r - 2. Let c(n) = n - 6. Let k be c(9). Let w = 0 + 20. Suppose 0*v = -5*u + k*v + w, 3*u + 4*v = 41. Calculate t(u).
-2
Let o(q) be the third derivative of q**6/120 + q**5/10 - q**4/4 + 5*q**3/2 - 47*q**2. Let r be o(-7). Let b(t) = -t + 5. Give b(r).
-3
Let f(w) be the third derivative of -w**6/120 + w**5/15 + 5*w**4/24 + 2*w**3/3 - w**2. Let u = -124 + -5. Let n = -124 - u. Give f(n).
4
Let l(g) be the third derivative of 1/60*g**5 + 0 + g**2 - 7/6*g**3 + 0*g + 1/24*g**4. Calculate l(0).
-7
Let v(l) = -5*l - l**2 + 2*l - l**3 - 3 + 2*l. Let o = 76 - 70. Let d be (-2)/(-1) - (-4 + o). Determine v(d).
-3
Let d(o) be the third derivative of -1/560*o**7 - 2*o**2 + 0*o**4 + 0*o**3 + 0 + 1/12*o